
What is the highest common divisor of 40383044 and 1300?
52
What is the highest common divisor of 115 and 15197687?
23
What is the highest common divisor of 2170 and 619885?
35
Calculate the highest common divisor of 6640 and 111537060.
1660
Calculate the greatest common factor of 50 and 11927810.
10
Calculate the highest common divisor of 303233 and 14.
7
Calculate the highest common factor of 678200529 and 1049.
1049
Calculate the greatest common divisor of 60564 and 1887823.
49
Calculate the highest common factor of 1283598 and 396.
18
Calculate the greatest common factor of 13457927 and 511.
7
Calculate the highest common factor of 7794 and 61848.
18
Calculate the highest common factor of 303985 and 953370.
55
Calculate the greatest common factor of 8510 and 12126520.
230
What is the highest common factor of 2912071 and 31631?
673
Calculate the greatest common factor of 94716 and 1502.
2
What is the highest common divisor of 133420705 and 370?
185
What is the highest common divisor of 2844 and 1355472?
36
What is the highest common factor of 3778 and 86202626?
3778
Calculate the highest common divisor of 19584 and 19155456.
1152
Calculate the highest common factor of 129794 and 1068578.
1778
What is the greatest common divisor of 1199198 and 41041?
1001
What is the greatest common divisor of 172979190 and 42660?
7110
What is the greatest common factor of 5281305 and 986?
17
What is the greatest common divisor of 270611940 and 15720?
7860
What is the greatest common divisor of 651885 and 795?
15
Calculate the greatest common divisor of 922250 and 37.
1
What is the greatest common factor of 7020580 and 49?
7
Calculate the highest common factor of 30 and 342270.
30
Calculate the greatest common factor of 275294 and 295.
59
Calculate the highest common factor of 50604410 and 190.
190
What is the highest common divisor of 620235 and 15418165?
6265
Calculate the highest common factor of 10554381 and 162.
81
Calculate the greatest common factor of 3402 and 578466.
126
Calculate the greatest common factor of 1590 and 6623940.
1590
What is the highest common factor of 3249 and 332145441?
171
Calculate the highest common factor of 1185555 and 70.
35
What is the greatest common divisor of 1511599671 and 27?
27
What is the greatest common factor of 1142343 and 126?
9
Calculate the greatest common factor of 38741638 and 24518.
1066
Calculate the highest common factor of 25 and 620986625.
25
Calculate the highest common factor of 249989424 and 7596.
2532
What is the highest common divisor of 25018 and 7490?
14
What is the highest common factor of 4097233 and 245?
49
Calculate the greatest common divisor of 137513314 and 508.
254
What is the highest common factor of 142526266 and 170?
34
Calculate the highest common divisor of 765582 and 1866.
6
Calculate the highest common factor of 1883600902 and 388.
194
Calculate the greatest common factor of 110 and 61474226.
22
Calculate the greatest common divisor of 2750 and 22551210.
110
Calculate the highest common divisor of 40408 and 20976803.
5051
Calculate the greatest common factor of 1755 and 15834663.
351
What is the highest common divisor of 924 and 107606246?
22
Calculate the greatest common divisor of 4845990 and 240.
30
What is the highest common divisor of 196974 and 3254660?
706
Calculate the greatest common divisor of 7497 and 924875.
49
Calculate the greatest common divisor of 34875 and 9542575.
775
What is the highest common factor of 659631 and 290577?
2121
Calculate the highest common divisor of 215033 and 147203.
119
Calculate the highest common factor of 2862 and 9774.
54
What is the greatest common factor of 360 and 39649410?
90
Calculate the highest common divisor of 2290 and 44060.
10
What is the highest common factor of 6064 and 275024?
16
Calculate the greatest common divisor of 664 and 262344.
8
Calculate the greatest common divisor of 1575037 and 1047.
349
Calculate the highest common divisor of 186994178 and 98.
14
Calculate the highest common divisor of 1150543043 and 19.
19
What is the highest common factor of 909026624 and 7802?
7802
What is the greatest common divisor of 1712 and 815312?
16
What is the greatest common divisor of 11188411 and 689?
13
What is the highest common factor of 16136 and 3495461?
2017
Calculate the highest common divisor of 17424996 and 24.
12
Calculate the greatest common factor of 29 and 2142991.
1
What is the highest common divisor of 143229086 and 77?
77
Calculate the greatest common divisor of 76 and 87420368.
76
Calculate the highest common factor of 1334398 and 578.
34
What is the greatest common divisor of 274 and 28078?
2
Calculate the highest common factor of 22427489 and 28.
7
What is the highest common divisor of 199746 and 122478?
822
What is the greatest common divisor of 5400 and 4135224?
24
Calculate the highest common divisor of 4160 and 447252.
52
Calculate the highest common divisor of 181 and 2222137.
181
Calculate the highest common divisor of 30300746 and 2678.
206
What is the highest common divisor of 2517400 and 24928?
328
What is the greatest common divisor of 102840000 and 1875?
1875
Calculate the greatest common divisor of 16887 and 45658551.
1299
What is the highest common factor of 968097 and 507?
39
What is the greatest common factor of 302501 and 2080?
1
Calculate the highest common factor of 6637050 and 387.
387
Calculate the greatest common factor of 73530 and 43510.
190
What is the greatest common factor of 123960671 and 1394?
41
Calculate the highest common divisor of 1008751620 and 1032.
516
What is the highest common divisor of 12344451 and 111?
3
What is the highest common divisor of 16252 and 2039456?
68
What is the highest common divisor of 48306 and 2988?
498
What is the greatest common divisor of 48 and 2968716?
12
Calculate the greatest common divisor of 219919958 and 4.
2
What is the greatest common divisor of 56927 and 218399?
29
What is the highest common factor of 804 and 975996?
12
Calculate the greatest common factor of 1512096 and 352.
32
What is the highest common divisor of 2177933 and 3?
1
Calculate the greatest common divisor of 627324 and 297924.
732
Calculate the highest common factor of 752595 and 36045.
15
What is the highest common factor of 18304224 and 228?
12
What is the highest common factor of 376640 and 155870?
110
Calculate the greatest common divisor of 95702036 and 1562.
142
Calculate the greatest common factor of 4646638 and 1912.
478
What is the greatest common factor of 276875838 and 136?
34
What is the greatest common divisor of 48259464 and 13464?
4488
What is the greatest common divisor of 5474 and 1822198?
322
Calculate the highest common divisor of 11407 and 119935.
17
What is the highest common factor of 1155 and 2474301060?
1155
What is the highest common factor of 97659088 and 304?
304
What is the greatest common divisor of 10710753 and 69588?
5799
What is the highest common factor of 114798 and 14917698?
6042
Calculate the highest common factor of 1098 and 32166.
18
What is the highest common factor of 70 and 19662790?
70
What is the greatest common factor of 592 and 7535272?
296
Calculate the highest common factor of 3419706 and 5872.
734
Calculate the highest common divisor of 346932 and 35604.
828
What is the greatest common divisor of 83703947 and 293?
293
Calculate the greatest common divisor of 73222 and 127286.
62
What is the greatest common factor of 56 and 10896704?
56
What is the highest common factor of 987208 and 184?
8
What is the highest common divisor of 75086490 and 240?
30
What is the highest common divisor of 75 and 44317575?
75
Calculate the highest common factor of 282277241 and 129.
43
Calculate the greatest common factor of 6709855 and 29965.
2305
Calculate the greatest common factor of 213 and 523497129.
213
Calculate the highest common factor of 1290352 and 39536.
112
Calculate the greatest common factor of 14680260 and 8820.
1260
Calculate the highest common factor of 6394761 and 9019.
29
What is the highest common factor of 725985942 and 1914?
1914
Calculate the greatest common divisor of 74091549 and 42.
21
What is the greatest common divisor of 56060660 and 362135?
5405
Calculate the highest common factor of 129256 and 24.
8
Calculate the high